-53
In base 6, what is 110 - -4?
114
In base 4, what is 21101 - 1?
21100
In base 12, what is -6b10 + 0?
-6b10
In base 14, what is -12 - -db?
c9
In base 7, what is -146 + 1?
-145
In base 12, what is -3 + -79?
-80
In base 4, what is 20200 + -1?
20133
In base 5, what is 242 + -201?
41
In base 3, what is 11 + -11020?
-11002
In base 8, what is -3 + -10234?
-10237
In base 10, what is -70 - 7?
-77
In base 5, what is -320 - 3?
-323
In base 16, what is -8 - 8?
-10
In base 16, what is 71 + -1?
70
In base 4, what is -213 + -32?
-311
In base 5, what is 30 + -132?
-102
In base 9, what is 22 - -7?
30
In base 4, what is 132012 + -2?
132010
In base 15, what is -3 + -43?
-46
In base 3, what is -21210 - -1?
-21202
In base 2, what is 101 - 1100101?
-1100000
In base 8, what is 5 - 47?
-42
In base 9, what is 1 - -11?
12
In base 15, what is -5 + -41?
-46
In base 9, what is 7 - 101?
-83
In base 11, what is 4034 - 5?
402a
In base 16, what is -9 + -5?
-e
In base 11, what is 3 + -27?
-24
In base 14, what is -43 + -1?
-44
In base 6, what is -11020 - 1?
-11021
In base 9, what is -4 - 645?
-650
In base 14, what is -4 + -6d?
-73
In base 14, what is 11d - 2?
11b
In base 16, what is 1a9 + 5?
1ae
In base 5, what is 100010 + 2?
100012
In base 8, what is -5 + -716?
-723
In base 10, what is -53 - -183?
130
In base 13, what is -311 + 6?
-308
In base 14, what is 1 + -302?
-301
In base 9, what is -6 - -825?
818
In base 4, what is 3 + 301?
310
In base 13, what is -23 + 8?
-18
In base 11, what is -52 + -1?
-53
In base 14, what is -423 - -9?
-418
In base 8, what is -5 - 20?
-25
In base 12, what is 3 + 85?
88
In base 13, what is 3 + c7?
ca
In base 5, what is -221 + 104?
-112
In base 12, what is -37 - 2?
-39
In base 11, what is 3 - -23a?
242
In base 8, what is -5 + 1162?
1155
In base 7, what is 1133 - -13?
1146
In base 8, what is 0 + -67?
-67
In base 9, what is 3 + -222?
-218
In base 4, what is 331 + 222?
1213
In base 16, what is 2 - 8f?
-8d
In base 10, what is 5 + -137?
-132
In base 5, what is -2 - 13?
-20
In base 3, what is 11001 - 11?
10220
In base 7, what is 21 - -33?
54
In base 3, what is 12201 + -10210?
1221
In base 9, what is 5 + 215?
221
In base 2, what is -11110100001 + 11?
-11110011110
In base 7, what is -654 - -3?
-651
In base 15, what is 249 + -1?
248
In base 7, what is 10 - 2633?
-2623
In base 5, what is 2 + -113104?
-113102
In base 13, what is -12 + b8?
a6
In base 9, what is 1708 + 1?
1710
In base 3, what is 21 + 112221?
120012
In base 5, what is -11 - 34?
-100
In base 13, what is 8 + 49?
54
In base 5, what is 113204 + 1?
113210
In base 2, what is -10010101100 + 10?
-10010101010
In base 6, what is 4 - 341?
-333
In base 4, what is 201012 - -1?
201013
In base 5, what is 4 + 221?
230
In base 16, what is 0 + 491?
491
In base 16, what is 71 + -4?
6d
In base 15, what is -3 + b4?
b1
In base 10, what is 11 + -38?
-27
In base 15, what is -1 + 14?
13
In base 6, what is 10144 + 2?
10150
In base 10, what is -6 - 16?
-22
In base 10, what is 50 - 5?
45
In base 5, what is -4 + -12?
-21
In base 16, what is 5 - d?
-8
In base 3, what is 1121 + 2200?
11021
In base 15, what is -ac + 47?
-65
In base 11, what is -2a + -6?
-35
In base 16, what is 54 + 8?
5c
In base 12, what is 4 + -816?
-812
In base 7, what is -4 + 3025?
3021
In base 15, what is -11a - 40?
-15a
In base 13, what is -174 + -3?
-177
In base 7, what is -6 - -5644?
5635
In base 5, what is 0 - -224?
224
In base 13, what is -2 - -125?
123
In base 10, what is -4 - -33?
29
In base 9, what is -773 - -5?
-767
In base 10, what is 5039 + -4?
5035
In base 16, what is 48 + -a?
3e
In base 16, what is -148 + 3?
-145
In base 16, what is 94 + -2?
92
In base 7, what is -2231 - -3?
-2225
In base 7, what is 24 + 136?
163
In base 12, what is -2 + 2a?
28
In base 16, what is d5 + -3?
d2
In base 9, what is 17245 + -3?
17242
In base 4, what is 1010100 + 11?
1010111
In base 8, what is -3 + -173?
-176
In base 7, what is -10 + -2?
-12
In base 13, what is c - 14?
-5
In base 4, what is 2 + -20210?
-20202
In base 8, what is 2 - 2?
0
In base 3, what is -12 + -2222?
-10011
In base 13, what is a1 + 2?
a3
In base 6, what is 244111 + 2?
244113
In base 13, what is -a + 10?
3
In base 5, what is 1012 - 421?
41
In base 9, what is -174 - 8?
-183
In base 16, what is -c0a + -5?
-c0f
In base 2, what is -101001 + 10?
-100111
In base 3, what is 11 + -201200?
-201112
In base 9, what is 155 + 3?
158
In base 2, what is 1 - 10111111111?
-10111111110
In base 16, what is 141 + 1?
142
In base 9, what is 6 - 14?
-7
In base 13, what is 7 + 5ca?
604
In base 9, what is -7 - -341?
333
In base 5, what is -1410 + -3?
-1413
In base 15, what is -11 + 2?
-e
In base 3, what is -100122 + 21?
-100101
In base 11, what is -2 - -50?
49
In base 4, what is 12 - -122?
200
In base 5, what is -10 + 4322?
4312
In base 12, what is -3 + -a3?
-a6
In base 13, what is c32 - 4?
c2b
In base 12, what is 39 - 2b?
a
In base 16, what is df - 2e?
b1
In base 8, what is 31404 + -3?
31401
In base 8, what is -2 + 416?
414
In base 8, what is 2 + -3620?
-3616
In base 16, what is -4f2 - 5?
-4f7
In base 7, what is 1 + 652?
653
In base 2, what is -1111101 + 101?
-1111000
In base 10, what is 6 + -1038?
-1032
In base 2, what is 1001110100111 - -11?
1001110101010
In base 13, what is -57 - 2?
-59
In base 13, what is 618c + 0?
618c
In base 8, what is -31 - -17?
-12
In base 12, what is -20 - -b?
-11
In base 7, what is 0 + -121?
-121
In base 14, what is 13b - 3?
138
In base 16, what is -d11 - 5?
-d16
In base 16, what is 18 - 8?
10
In base 16, what is -b27 - 2?
-b29
In base 3, what is -100 + 1202?
1102
In base 7, what is 2440 - 4?
2433
In base 16, what is 32 - 3?
2f
In base 13, what is c76 - 5?
c71
In base 8, what is -12 - -2?
-10
In base 16, what is -eac - 2?
-eae
In base 9, what is -3 + -33?
-36
In base 3, what is 112202122 - 12?
112202110
In base 4, what is -12 + 3022?
3010
In base 6, what is -5 + 33001?
32552
In base 16, what is 2 - -5d?
5f
In base 7, what is -1 + -116?
-120
In base 15, what is -7 + 7?
0
In base 5, what is -1 - -23013?
23012
In base 11, what is -a8 - -2?
-a6
In base 15, what is 1 + 24d?
24e
In base 13, what is -17 + -10?
-27
In base 12, what is 0 - -44?
44
In base 10, what is 1608 + -4?
1604
In base 13, what is -2 - 89?
-8b
In base 10, what is -438 + 0?
-438
In base 13, what is 56 + -6?
50
In base 5, what is -10 + -10302?
-10312
In base 4, what is 12 - 130?
-112
In base 8, what is 6501 + 3?
6504
In base 11, what is -4 - -44?
40
In base 11, what is 5 - -5374?
5379
In base 7, what is 26 + -312?
-253
In base 13, what is -15c + 3?
-159
In base 13, what is 2c + 7?
36
In base 11, what is -8 + 11?
4
In base 14, what is 171 - 2?
16d
In base 3, what is 2 + 1210?
1212
In base 9, what is 3 + 204?
207
In base 8, what is 56 - -1?
57
In base 13, what is 2aa3 - -1?
2aa4
In base 10, what is -952 + -17?
-969
In base 9, what is -17 - 3?
-21
In base 6, what is 1045 - -3?
1052
In base 10, what is -13432 + 1?
-13431
In base 8, what is -71 - 13?
-104
In base 2, what is 100 - -1100110110?
1100111010
In base 7, what is -4 - 5?
-12
In base 2, what is 101 - -10000?
10101
In base 4, what is -2130 + -2?
-2132
In base 8, what is -3 + 20?
15
In base 8, what is 11127 + -6?
11121
In base 15, what is 19 - -43?
5c
In base 6, what is 3 + 1342?
1345
In base 2, what is 10011111 - -101?
10100100
In base 5, what is -2 - 22320?
-22322
In base 4, what is -11 + 12?
1
In base 8, what is -1431 - 5?
-1436
In base 10, what is -16 + 0?
-16
In base 6, what is -3 + -33?
-40
In base 13, what is -23 - 3?
-26
In base 5, what is -214 + -110?
-324
In base 5, what is -440 + -41?
-1031
In base 11, what is -14 + -353?
-367
In base 5, what is 3 - -12321?
12324
In base 9, what is 152 - 1?
151
In base 13, what is -b + 12?
4
In base 15, what is -34a - -d?
-33c
In base 13, what is -20 - -28?
8
In base 10, what is 1 - -19?
20
In base 11, what is 124 + 1?
125
In base 10, what is 3 + 59?
62
In base 10, what is -1 + -18?
-19
In base 4, what is -123 - 10?
-133
In base 8, what is 3 + 4325?
4330
In base 13, what is -224 + 1a?
-207
In base 4, what is 0 - -212?
212
In base 7, what is 124 - 0?
124
In base 12, what is 251b + -5?
2516
In base 13, what is -8 + 538?
530
In base 14, what is 0 + d3?
d3
In base 4, what is -10 - -22231?
22221
In base 12, what is -4 - -869?
865
In base 